{"id":125,"date":"2022-06-11T11:23:38","date_gmt":"2022-06-11T09:23:38","guid":{"rendered":"http:\/\/wegnefp.cluster030.hosting.ovh.net\/?page_id=89"},"modified":"2026-04-04T17:33:27","modified_gmt":"2026-04-04T15:33:27","slug":"nous-contacter","status":"publish","type":"page","link":"https:\/\/www.rouelibregranddax.fr\/index.php\/nous-contacter\/","title":{"rendered":"Nous Contacter"},"content":{"rendered":"\n<p class=\"has-text-align-center\"><strong>COORDONN\u00c9ES<\/strong><\/p>\n\n\n\n<p class=\"has-text-align-center\">               <img loading=\"lazy\" decoding=\"async\" width=\"75\" height=\"75\" class=\"wp-image-2569\" style=\"width: 75px;\" src=\"https:\/\/www.rouelibregranddax.fr\/wp-content\/uploads\/2025\/12\/mail-v1.jpg\" alt=\"\" srcset=\"https:\/\/www.rouelibregranddax.fr\/wp-content\/uploads\/2025\/12\/mail-v1.jpg 1200w, https:\/\/www.rouelibregranddax.fr\/wp-content\/uploads\/2025\/12\/mail-v1-600x600.jpg 600w, https:\/\/www.rouelibregranddax.fr\/wp-content\/uploads\/2025\/12\/mail-v1-768x768.jpg 768w\" sizes=\"auto, (max-width: 75px) 100vw, 75px\" \/> <strong>SIEGE SOCIAL<\/strong> : Roue Libre en Grand Dax, MICA , 235 Avenue du Mar\u00e9chal Foch, 40990 Saint Paul l\u00e8s Dax<\/p>\n\n\n\n<p class=\"has-text-align-center\"><img loading=\"lazy\" decoding=\"async\" width=\"100\" height=\"100\" class=\"wp-image-2565\" style=\"width: 100px;\" src=\"https:\/\/www.rouelibregranddax.fr\/wp-content\/uploads\/2025\/12\/icone-accueil-grise-icone-epingle-emplacement-bleue_1319560-49575.avif\" alt=\"\"><strong>SITE DES ACTIVITES<\/strong> : Mobilith\u00e8que &#8211; 21, avenue de la libert\u00e9 , 40990 Saint Paul l\u00e8s Dax <img loading=\"lazy\" decoding=\"async\" width=\"40\" height=\"40\" class=\"wp-image-2567\" style=\"width: 40px;\" src=\"https:\/\/www.rouelibregranddax.fr\/wp-content\/uploads\/2025\/12\/tl.webp\" alt=\"\"> 0767033880<\/p>\n\n\n\n<p><\/p>\n\n\n\n<p class=\"has-medium-font-size\"><strong>ATELIER :<\/strong> Pour vos demandes de Rendez Vous, Don de v\u00e9lo, Questions, Demandes, ou pour devenir B\u00e9n\u00e9vole au sein de notre atelier, contactez l&rsquo;\u00e9quipe Atelier : <img loading=\"lazy\" decoding=\"async\" width=\"40\" height=\"40\" class=\"wp-image-2568\" style=\"width: 40px;\" src=\"https:\/\/www.rouelibregranddax.fr\/wp-content\/uploads\/2025\/12\/at-sign-1083508_1280.webp\" alt=\"\" srcset=\"https:\/\/www.rouelibregranddax.fr\/wp-content\/uploads\/2025\/12\/at-sign-1083508_1280.webp 1280w, https:\/\/www.rouelibregranddax.fr\/wp-content\/uploads\/2025\/12\/at-sign-1083508_1280-600x600.webp 600w, https:\/\/www.rouelibregranddax.fr\/wp-content\/uploads\/2025\/12\/at-sign-1083508_1280-1200x1200.webp 1200w, https:\/\/www.rouelibregranddax.fr\/wp-content\/uploads\/2025\/12\/at-sign-1083508_1280-768x768.webp 768w\" sizes=\"auto, (max-width: 40px) 100vw, 40px\" \/> <a href=\"mailto:atelier@rouelibregranddax.fr\">atelier@rouelibregranddax.fr<\/a><\/p>\n\n\n\n<p class=\"has-medium-font-size\">  <strong>VELO-ECOLE :<\/strong> Pour toute question sur le Savoir Rouler A V\u00e9lo (Demande de renseignement pour stage de remise en selle ou intervention dans une \u00e9cole) ou devenir b\u00e9n\u00e9vole dans l&rsquo;\u00e9quipe, contactez l&rsquo;\u00e9quipe      V\u00e9lo Ecole : <img loading=\"lazy\" decoding=\"async\" width=\"40\" height=\"40\" class=\"wp-image-2568\" style=\"width: 40px;\" src=\"https:\/\/www.rouelibregranddax.fr\/wp-content\/uploads\/2025\/12\/at-sign-1083508_1280.webp\" alt=\"\" srcset=\"https:\/\/www.rouelibregranddax.fr\/wp-content\/uploads\/2025\/12\/at-sign-1083508_1280.webp 1280w, https:\/\/www.rouelibregranddax.fr\/wp-content\/uploads\/2025\/12\/at-sign-1083508_1280-600x600.webp 600w, https:\/\/www.rouelibregranddax.fr\/wp-content\/uploads\/2025\/12\/at-sign-1083508_1280-1200x1200.webp 1200w, https:\/\/www.rouelibregranddax.fr\/wp-content\/uploads\/2025\/12\/at-sign-1083508_1280-768x768.webp 768w\" sizes=\"auto, (max-width: 40px) 100vw, 40px\" \/> <a href=\"mailto:velo-ecole@rouelibregranddax.fr\">velo-ecole@rouelibregranddax.fr<\/a><\/p>\n\n\n\n<p class=\"has-medium-font-size\">  <strong>AMENAGEMENTS : <\/strong>Envie de vous investir dans l&rsquo;am\u00e9lioration du r\u00e9seau cyclable sur le Grand Dax, contacter l&rsquo; \u00e9quipe Am\u00e9nagements : <img loading=\"lazy\" decoding=\"async\" width=\"40\" height=\"40\" class=\"wp-image-2568\" style=\"width: 40px;\" src=\"https:\/\/www.rouelibregranddax.fr\/wp-content\/uploads\/2025\/12\/at-sign-1083508_1280.webp\" alt=\"\" srcset=\"https:\/\/www.rouelibregranddax.fr\/wp-content\/uploads\/2025\/12\/at-sign-1083508_1280.webp 1280w, https:\/\/www.rouelibregranddax.fr\/wp-content\/uploads\/2025\/12\/at-sign-1083508_1280-600x600.webp 600w, https:\/\/www.rouelibregranddax.fr\/wp-content\/uploads\/2025\/12\/at-sign-1083508_1280-1200x1200.webp 1200w, https:\/\/www.rouelibregranddax.fr\/wp-content\/uploads\/2025\/12\/at-sign-1083508_1280-768x768.webp 768w\" sizes=\"auto, (max-width: 40px) 100vw, 40px\" \/> <a href=\"mailto:reseau@rouelibregranddax.fr\">reseau@rouelibregranddax.fr<\/a><\/p>\n\n\n\n<p class=\"has-medium-font-size\">  <strong>Pour toute autre question, demande, id\u00e9e, proposition, n&rsquo;h\u00e9sitez pas \u00e0 nous \u00e9crire \u00e0 <\/strong>: <img loading=\"lazy\" decoding=\"async\" width=\"40\" height=\"40\" class=\"wp-image-2568\" style=\"width: 40px;\" src=\"https:\/\/www.rouelibregranddax.fr\/wp-content\/uploads\/2025\/12\/at-sign-1083508_1280.webp\" alt=\"\" srcset=\"https:\/\/www.rouelibregranddax.fr\/wp-content\/uploads\/2025\/12\/at-sign-1083508_1280.webp 1280w, https:\/\/www.rouelibregranddax.fr\/wp-content\/uploads\/2025\/12\/at-sign-1083508_1280-600x600.webp 600w, https:\/\/www.rouelibregranddax.fr\/wp-content\/uploads\/2025\/12\/at-sign-1083508_1280-1200x1200.webp 1200w, https:\/\/www.rouelibregranddax.fr\/wp-content\/uploads\/2025\/12\/at-sign-1083508_1280-768x768.webp 768w\" sizes=\"auto, (max-width: 40px) 100vw, 40px\" \/> <a href=\"mailto:contact@rouelibregranddax.fr\" target=\"_blank\" rel=\"noreferrer noopener\">contact@rouelibregranddax.fr<\/a><\/p>\n\n\n\n<p><\/p>\n\n\n\n<p><\/p>\n\n\n\n<p><\/p>\n\n\n\n<p style=\"font-size:12px\">Conform\u00e9ment \u00e0 la loi \u00ab informatique et libert\u00e9s \u00bb, et au R\u00e8glement g\u00e9n\u00e9ral sur la protection des donn\u00e9es personnelles (<a href=\"https:\/\/www.assistant-juridique.fr\/reglement_protection_donnees_personnelles.jsp\">RGPD<\/a>), modifi\u00e9 le 25 mai 2018, sur la protection des donn\u00e9es personnelles, vous disposez d\u2019un droit d&rsquo;acc\u00e8s et\/ou de rectification, d\u2019un droit de retrait des donn\u00e9es, du droit de vous opposer au traitement et \u00e0 la portabilit\u00e9 des donn\u00e9es.&nbsp;Pour exercer ce droit, il reviendra \u00e0 l\u2019Utilisateur d\u2019envoyer un message \u00e0 l\u2019adresse suivante :&nbsp;<a rel=\"noreferrer noopener\" href=\"mailto:contact@rouelibregranddax.fr\" target=\"_blank\">contact@rouelibregranddax.fr<\/a><\/p>\n\n\n\n<p style=\"font-size:12px\">ASSOCIATION ROUE LIBRE EN GRAND DAX, Maison Des Associations, 235 Avenue du Mar\u00e9chal Foch, 40990 Saint-Paul-l\u00e8s-Dax.&nbsp;<a rel=\"noreferrer noopener\" href=\"mailto:contact@rouelibregranddax.fr\" target=\"_blank\">contact@rouelibregranddax.fr<\/a>&nbsp;.<\/p>\n\n\n\n<p style=\"font-size:12px\">Responsable du Site. J Pouymayou. Directeur de publication : G. Mercadal,&nbsp;<\/p>\n\n\n\n<p style=\"font-size:12px\">H\u00e9bergeur : OVH&nbsp;SAS : 2 rue Kellermann \u2013 BP 80157 59053 ROUBAIX CEDEX 1<\/p>\n","protected":false},"excerpt":{"rendered":"<p>COORDONN\u00c9ES SIEGE SOCIAL : Roue Libre en Grand Dax, MICA , 235 Avenue du Mar\u00e9chal Foch, 40990 Saint Paul l\u00e8s Dax SITE DES ACTIVITES : Mobilith\u00e8que &#8211; 21, avenue de la libert\u00e9 , 40990 Saint Paul l\u00e8s Dax 0767033880 ATELIER : Pour vos demandes de Rendez Vous, Don de v\u00e9lo, Questions, Demandes, ou pour devenir [&hellip;]<\/p>\n","protected":false},"author":1,"featured_media":0,"parent":0,"menu_order":0,"comment_status":"closed","ping_status":"closed","template":"","meta":{"site-sidebar-layout":"no-sidebar","site-content-layout":"page-builder","ast-site-content-layout":"full-width-container","site-content-style":"unboxed","site-sidebar-style":"unboxed","ast-global-header-display":"","ast-banner-title-visibility":"","ast-main-header-display":"","ast-hfb-above-header-display":"","ast-hfb-below-header-display":"","ast-hfb-mobile-header-display":"","site-post-title":"disabled","ast-breadcrumbs-content":"","ast-featured-img":"disabled","footer-sml-layout":"","theme-transparent-header-meta":"","adv-header-id-meta":"","stick-header-meta":"","header-above-stick-meta":"","header-main-stick-meta":"","header-below-stick-meta":"","astra-migrate-meta-layouts":"set","ast-page-background-enabled":"default","ast-page-background-meta":{"desktop":{"background-color":"var(--ast-global-color-4)","background-image":"","background-repeat":"repeat","background-position":"center center","background-size":"auto","background-attachment":"scroll","background-type":"","background-media":"","overlay-type":"","overlay-color":"","overlay-opacity":"","overlay-gradient":""},"tablet":{"background-color":"","background-image":"","background-repeat":"repeat","background-position":"center center","background-size":"auto","background-attachment":"scroll","background-type":"","background-media":"","overlay-type":"","overlay-color":"","overlay-opacity":"","overlay-gradient":""},"mobile":{"background-color":"","background-image":"","background-repeat":"repeat","background-position":"center center","background-size":"auto","background-attachment":"scroll","background-type":"","background-media":"","overlay-type":"","overlay-color":"","overlay-opacity":"","overlay-gradient":""}},"ast-content-background-meta":{"desktop":{"background-color":"var(--ast-global-color-5)","background-image":"","background-repeat":"repeat","background-position":"center center","background-size":"auto","background-attachment":"scroll","background-type":"","background-media":"","overlay-type":"","overlay-color":"","overlay-opacity":"","overlay-gradient":""},"tablet":{"background-color":"var(--ast-global-color-5)","background-image":"","background-repeat":"repeat","background-position":"center center","background-size":"auto","background-attachment":"scroll","background-type":"","background-media":"","overlay-type":"","overlay-color":"","overlay-opacity":"","overlay-gradient":""},"mobile":{"background-color":"var(--ast-global-color-5)","background-image":"","background-repeat":"repeat","background-position":"center center","background-size":"auto","background-attachment":"scroll","background-type":"","background-media":"","overlay-type":"","overlay-color":"","overlay-opacity":"","overlay-gradient":""}},"footnotes":""},"class_list":["post-125","page","type-page","status-publish","hentry"],"_links":{"self":[{"href":"https:\/\/www.rouelibregranddax.fr\/index.php\/wp-json\/wp\/v2\/pages\/125","targetHints":{"allow":["GET"]}}],"collection":[{"href":"https:\/\/www.rouelibregranddax.fr\/index.php\/wp-json\/wp\/v2\/pages"}],"about":[{"href":"https:\/\/www.rouelibregranddax.fr\/index.php\/wp-json\/wp\/v2\/types\/page"}],"author":[{"embeddable":true,"href":"https:\/\/www.rouelibregranddax.fr\/index.php\/wp-json\/wp\/v2\/users\/1"}],"replies":[{"embeddable":true,"href":"https:\/\/www.rouelibregranddax.fr\/index.php\/wp-json\/wp\/v2\/comments?post=125"}],"version-history":[{"count":26,"href":"https:\/\/www.rouelibregranddax.fr\/index.php\/wp-json\/wp\/v2\/pages\/125\/revisions"}],"predecessor-version":[{"id":2616,"href":"https:\/\/www.rouelibregranddax.fr\/index.php\/wp-json\/wp\/v2\/pages\/125\/revisions\/2616"}],"wp:attachment":[{"href":"https:\/\/www.rouelibregranddax.fr\/index.php\/wp-json\/wp\/v2\/media?parent=125"}],"curies":[{"name":"wp","href":"https:\/\/api.w.org\/{rel}","templated":true}]}}