{"id":100,"date":"2022-06-10T16:32:36","date_gmt":"2022-06-10T14:32:36","guid":{"rendered":"http:\/\/wegnefp.cluster030.hosting.ovh.net\/?page_id=9"},"modified":"2026-01-20T20:50:23","modified_gmt":"2026-01-20T19:50:23","slug":"accueil","status":"publish","type":"page","link":"https:\/\/www.rouelibregranddax.fr\/","title":{"rendered":"Accueil"},"content":{"rendered":"\n<div class=\"wp-block-buttons is-content-justification-center is-layout-flex wp-container-core-buttons-is-layout-a89b3969 wp-block-buttons-is-layout-flex\"><\/div>\n\n\n\n<div class=\"wp-block-columns alignfull has-text-color has-background is-layout-flex wp-container-core-columns-is-layout-28f84493 wp-block-columns-is-layout-flex\" style=\"color:#000000;background-color:#ffffff\">\n<div class=\"wp-block-column is-layout-flow wp-block-column-is-layout-flow\">\n<h3 class=\"wp-block-heading has-text-align-center\" style=\"font-size:24px;line-height:1.3\"><strong><a href=\"https:\/\/www.rouelibregranddax.fr\/index.php\/cyclo-fiche\/\" data-type=\"page\" data-id=\"113\">Remplir une cyclofiche<\/a><\/strong><\/h3>\n\n\n\n<p>Un signalement, une proposition d&rsquo;am\u00e9lioration du r\u00e9seau cyclable : <a href=\"https:\/\/www.rouelibregranddax.fr\/index.php\/cyclo-fiche\/\" data-type=\"page\" data-id=\"113\">Pensez CYCLO-FICHE<\/a><\/p>\n<\/div>\n\n\n\n<div class=\"wp-block-column is-layout-flow wp-block-column-is-layout-flow\">\n<h3 class=\"wp-block-heading has-text-align-center\" style=\"font-size:24px;line-height:1.3\"><a href=\"https:\/\/www.rouelibregranddax.fr\/index.php\/adherer-2\/\" data-type=\"page\" data-id=\"106\"><strong>Adh\u00e9rer<\/strong><\/a><\/h3>\n\n\n\n<p>N&rsquo;attendez plus, <a href=\"https:\/\/www.rouelibregranddax.fr\/index.php\/adherer-2\/\" data-type=\"page\" data-id=\"106\">REJOIGNEZ NOUS<\/a> et b\u00e9n\u00e9ficier de nombreux avantages r\u00e9serv\u00e9s \u00e0 nos adh\u00e9rents.<\/p>\n<\/div>\n\n\n\n<div class=\"wp-block-column is-layout-flow wp-block-column-is-layout-flow\">\n<h3 class=\"wp-block-heading has-text-align-center\" style=\"font-size:24px;line-height:1.3\"><strong><a href=\"https:\/\/www.rouelibregranddax.fr\/index.php\/nous-contacter\/\" data-type=\"page\" data-id=\"125\">Nous contacter<\/a><\/strong><\/h3>\n\n\n\n<p>Une question, une proposition, une demande de Rendez-Vous \u00e0 l&rsquo;atelier ou envi de vous investir dans l&rsquo;asso : <a href=\"https:\/\/www.rouelibregranddax.fr\/index.php\/nous-contacter\/\" data-type=\"page\" data-id=\"125\">Contactez nous<\/a>.<\/p>\n<\/div>\n<\/div>\n\n\n\n<p class=\"has-text-align-center has-large-font-size\"><img loading=\"lazy\" decoding=\"async\" width=\"150\" height=\"150\" class=\"wp-image-2531\" style=\"width: 150px;\" src=\"https:\/\/www.rouelibregranddax.fr\/wp-content\/uploads\/2025\/12\/3528-scaled.jpg\" alt=\"\" srcset=\"https:\/\/www.rouelibregranddax.fr\/wp-content\/uploads\/2025\/12\/3528-scaled.jpg 2560w, https:\/\/www.rouelibregranddax.fr\/wp-content\/uploads\/2025\/12\/3528-600x600.jpg 600w, https:\/\/www.rouelibregranddax.fr\/wp-content\/uploads\/2025\/12\/3528-1200x1200.jpg 1200w, https:\/\/www.rouelibregranddax.fr\/wp-content\/uploads\/2025\/12\/3528-768x768.jpg 768w, https:\/\/www.rouelibregranddax.fr\/wp-content\/uploads\/2025\/12\/3528-1536x1536.jpg 1536w, https:\/\/www.rouelibregranddax.fr\/wp-content\/uploads\/2025\/12\/3528-2048x2048.jpg 2048w\" sizes=\"auto, (max-width: 150px) 100vw, 150px\" \/>           <strong>A la Une <\/strong>         <img loading=\"lazy\" decoding=\"async\" width=\"150\" height=\"150\" class=\"wp-image-2531\" style=\"width: 150px;\" src=\"https:\/\/www.rouelibregranddax.fr\/wp-content\/uploads\/2025\/12\/3528-scaled.jpg\" alt=\"\" srcset=\"https:\/\/www.rouelibregranddax.fr\/wp-content\/uploads\/2025\/12\/3528-scaled.jpg 2560w, https:\/\/www.rouelibregranddax.fr\/wp-content\/uploads\/2025\/12\/3528-600x600.jpg 600w, https:\/\/www.rouelibregranddax.fr\/wp-content\/uploads\/2025\/12\/3528-1200x1200.jpg 1200w, https:\/\/www.rouelibregranddax.fr\/wp-content\/uploads\/2025\/12\/3528-768x768.jpg 768w, https:\/\/www.rouelibregranddax.fr\/wp-content\/uploads\/2025\/12\/3528-1536x1536.jpg 1536w, https:\/\/www.rouelibregranddax.fr\/wp-content\/uploads\/2025\/12\/3528-2048x2048.jpg 2048w\" sizes=\"auto, (max-width: 150px) 100vw, 150px\" \/><\/p>\n\n\n\n<p><\/p>\n\n\n\n<div class=\"wp-block-media-text alignwide has-media-on-the-right is-stacked-on-mobile\" style=\"grid-template-columns:auto 34%\"><div class=\"wp-block-media-text__content\">\n<h2 class=\"wp-block-heading\">L&rsquo;ATELIER DEMENAGE ! Venez nous retrouver au 21, avenue de la Libert\u00e9 ! <\/h2>\n\n\n\n<p>Rendez vous \u00e0 La Mobilith\u00e8que, au 21 AVENUE DE LA LIBERTE, 40990 Saint-Paul-l\u00e8s-Dax<\/p>\n\n\n\n<p><strong> <\/strong>Rendez vous les LUNDI MATIN et SAMEDI MATIN : &nbsp;<a href=\"https:\/\/www.rouelibregranddax.fr\/index.php\/nous-contacter\/\" data-type=\"page\" data-id=\"125\">contactez nous<\/a>&nbsp;pour convenir d&rsquo;un jour et cr\u00e9neau horaire de Rendez Vous .<\/p>\n<\/div><figure class=\"wp-block-media-text__media\"><a href=\"https:\/\/www.rouelibregranddax.fr\/wp-content\/uploads\/2026\/01\/616203586_1172864125012573_552677576214403058_n.jpg\" target=\"_blank\" rel=\"noopener\"><img loading=\"lazy\" decoding=\"async\" width=\"848\" height=\"1200\" src=\"https:\/\/www.rouelibregranddax.fr\/wp-content\/uploads\/2026\/01\/616203586_1172864125012573_552677576214403058_n-848x1200.jpg\" alt=\"\" class=\"wp-image-2610 size-full\" srcset=\"https:\/\/www.rouelibregranddax.fr\/wp-content\/uploads\/2026\/01\/616203586_1172864125012573_552677576214403058_n-848x1200.jpg 848w, https:\/\/www.rouelibregranddax.fr\/wp-content\/uploads\/2026\/01\/616203586_1172864125012573_552677576214403058_n-424x600.jpg 424w, https:\/\/www.rouelibregranddax.fr\/wp-content\/uploads\/2026\/01\/616203586_1172864125012573_552677576214403058_n-768x1086.jpg 768w, https:\/\/www.rouelibregranddax.fr\/wp-content\/uploads\/2026\/01\/616203586_1172864125012573_552677576214403058_n-1086x1536.jpg 1086w, https:\/\/www.rouelibregranddax.fr\/wp-content\/uploads\/2026\/01\/616203586_1172864125012573_552677576214403058_n.jpg 1414w\" sizes=\"auto, (max-width: 848px) 100vw, 848px\" \/><\/a><\/figure><\/div>\n\n\n\n<p><\/p>\n\n\n\n<p><\/p>\n\n\n\n<div class=\"wp-block-media-text alignwide is-stacked-on-mobile\" style=\"grid-template-columns:22% auto\"><figure class=\"wp-block-media-text__media\"><a href=\"https:\/\/www.rouelibregranddax.fr\/wp-content\/uploads\/2025\/03\/QR-code-inscription-evenements.jpg\" target=\"_blank\" rel=\"noopener\"><img loading=\"lazy\" decoding=\"async\" width=\"316\" height=\"316\" src=\"https:\/\/www.rouelibregranddax.fr\/wp-content\/uploads\/2025\/03\/QR-code-inscription-evenements.jpg\" alt=\"\" class=\"wp-image-2316 size-full\"\/><\/a><\/figure><div class=\"wp-block-media-text__content\">\n<h2 class=\"wp-block-heading\">Envie de venir nous aider ? On a besoin de vous.<\/h2>\n\n\n\n<p>Pour la r\u00e9ussite de nos animations, nous avons BESOIN DE VOUS. Pas d&rsquo;inqui\u00e9tude, vous ne serez pas seul, un b\u00e9n\u00e9vole confirm\u00e9 sera toujours \u00e0 vos cot\u00e9s. Pour nous faire part de vos disponibilit\u00e9s, rien de plus simple :<\/p>\n\n\n\n<p>Appel ou SMS au 0759512726<\/p>\n\n\n\n<p>ou Scanner le QR code<\/p>\n\n\n\n<p>ou <a href=\"ttps:\/\/docs.google.com\/forms\/d\/e\/1FAIpQLSdQQPYnp_0yorhcfue1hpeAbp4gmy46ZYHhTznspQkYsElMAg\/viewform?usp=header\">CLIQUEZ SUR LE LIEN <\/a><a href=\"https:\/\/forms.gle\/S73kjo9Th4osfxtN7\">ICI<\/a><\/p>\n\n\n\n<p>ou \u00e9crivez nous : <a href=\"mailto:contact@rouelibregranddax.fr\" target=\"_blank\" rel=\"noreferrer noopener\">contact@rouelibregranddax.fr<\/a><\/p>\n\n\n\n<p><strong> <\/strong><\/p>\n<\/div><\/div>\n\n\n\n<div class=\"wp-block-media-text alignwide has-media-on-the-right is-stacked-on-mobile\" style=\"grid-template-columns:auto 22%\"><div class=\"wp-block-media-text__content\">\n<h2 class=\"wp-block-heading\"><strong>Envie de se (re)mettre en selle ?<\/strong><\/h2>\n\n\n\n<p>Besoin d&rsquo; apprendre \u00e0 ma\u00eetriser un v\u00e9lo, \u00e0 circuler en ville, \u00e0 conna\u00eetre les panneaux de signalisation, entretenir votre v\u00e9lo&nbsp;? La v\u00e9lo-\u00e9cole de Roue Libre en Grand Dax est faite pour vous.<\/p>\n\n\n\n<p><strong>RENSEIGNEMENTS <\/strong>: <a href=\"mailto:velo-ecole@rouelibregranddax.fr\" target=\"_blank\" rel=\"noreferrer noopener\">velo-ecole@rouelibregranddax.fr<\/a><\/p>\n\n\n\n<p><\/p>\n<\/div><figure class=\"wp-block-media-text__media\"><a href=\"https:\/\/www.rouelibregranddax.fr\/index.php\/savoir-rouler-a-velo\/\" target=\"_blank\" rel=\"noopener\"><img loading=\"lazy\" decoding=\"async\" width=\"600\" height=\"1200\" src=\"https:\/\/www.rouelibregranddax.fr\/wp-content\/uploads\/2024\/03\/RL-page-001-600x1200.jpg\" alt=\"\" class=\"wp-image-2231 size-full\" srcset=\"https:\/\/www.rouelibregranddax.fr\/wp-content\/uploads\/2024\/03\/RL-page-001-600x1200.jpg 600w, https:\/\/www.rouelibregranddax.fr\/wp-content\/uploads\/2024\/03\/RL-page-001-300x600.jpg 300w, https:\/\/www.rouelibregranddax.fr\/wp-content\/uploads\/2024\/03\/RL-page-001.jpg 620w\" sizes=\"auto, (max-width: 600px) 100vw, 600px\" \/><\/a><\/figure><\/div>\n\n\n\n<p><\/p>\n\n\n\n<div class=\"wp-block-media-text alignwide is-stacked-on-mobile\" style=\"grid-template-columns:34% auto\"><figure class=\"wp-block-media-text__media\"><a href=\"https:\/\/www.rouelibregranddax.fr\/wp-content\/uploads\/2023\/08\/AMin3_860-canal-du-midi-velo.jpeg\" target=\"_blank\" rel=\"noopener\"><img loading=\"lazy\" decoding=\"async\" width=\"770\" height=\"577\" src=\"https:\/\/www.rouelibregranddax.fr\/wp-content\/uploads\/2023\/08\/AMin3_860-canal-du-midi-velo.jpeg\" alt=\"\" class=\"wp-image-2137 size-full\" srcset=\"https:\/\/www.rouelibregranddax.fr\/wp-content\/uploads\/2023\/08\/AMin3_860-canal-du-midi-velo.jpeg 770w, https:\/\/www.rouelibregranddax.fr\/wp-content\/uploads\/2023\/08\/AMin3_860-canal-du-midi-velo-400x300.jpeg 400w, https:\/\/www.rouelibregranddax.fr\/wp-content\/uploads\/2023\/08\/AMin3_860-canal-du-midi-velo-768x576.jpeg 768w\" sizes=\"auto, (max-width: 770px) 100vw, 770px\" \/><\/a><\/figure><div class=\"wp-block-media-text__content\">\n<h2 class=\"wp-block-heading\">Envie de voyager \u00e0 v\u00e9lo ?<\/h2>\n\n\n\n<p>Vous avez envie d&rsquo;aventure ? Une id\u00e9e de voyage en v\u00e9lo ? Un projet d&rsquo;itin\u00e9rance \u00e0 v\u00e9lo, seul ou en famille ?<\/p>\n\n\n\n<p>\u00catre adh\u00e9rent \u00e0 l&rsquo;association Roue libre en Grand Dax, c&rsquo;est aussi la possibilit\u00e9 de recevoir des conseils et astuces de nos b\u00e9n\u00e9voles aguerris (retour d&rsquo;exp\u00e9rience, itin\u00e9raires, pr\u00eat de sacoches, \u2026). <\/p>\n\n\n\n<p>Herv\u00e9 (rouleur tr\u00e8s longue distance), Damien (tour d&rsquo;Europe \u00e0 v\u00e9lo) ou encore Isabelle et Jo\u00ebl (vacances itin\u00e9rantes \u00e0 v\u00e9lo) seront l\u00e0 pour vous conseiller !<\/p>\n\n\n\n<p>Renseignements <a rel=\"noreferrer noopener\" href=\"mailto:contact@rouelibregranddax.fr\" target=\"_blank\">contact@rouelibregranddax.fr<\/a><\/p>\n\n\n\n<p><a href=\"https:\/\/www.rouelibregranddax.fr\/index.php\/adherer-2\/\" data-type=\"page\" data-id=\"106\">Adh\u00e9sion ICI<\/a><\/p>\n\n\n\n<p><strong> <\/strong><\/p>\n<\/div><\/div>\n\n\n\n<p><\/p>\n\n\n\n<p><\/p>\n\n\n\n<p><\/p>\n\n\n\n<p><\/p>\n\n\n\n<p><\/p>\n\n\n\n<p><\/p>\n\n\n\n<p><\/p>\n\n\n\n<p><\/p>\n\n\n\n<p><\/p>\n\n\n\n<p><\/p>\n\n\n\n<p><\/p>\n\n\n\n<p><\/p>\n\n\n\n<p><\/p>\n\n\n\n<p><\/p>\n\n\n\n<p><\/p>\n","protected":false},"excerpt":{"rendered":"<p>Remplir une cyclofiche Un signalement, une proposition d&rsquo;am\u00e9lioration du r\u00e9seau cyclable : Pensez CYCLO-FICHE Adh\u00e9rer N&rsquo;attendez plus, REJOIGNEZ NOUS et b\u00e9n\u00e9ficier de nombreux avantages r\u00e9serv\u00e9s \u00e0 nos adh\u00e9rents. Nous contacter Une question, une proposition, une demande de Rendez-Vous \u00e0 l&rsquo;atelier ou envi de vous investir dans l&rsquo;asso : Contactez nous. A la Une L&rsquo;ATELIER DEMENAGE [&hellip;]<\/p>\n","protected":false},"author":1,"featured_media":0,"parent":0,"menu_order":0,"comment_status":"closed","ping_status":"closed","template":"","meta":{"site-sidebar-layout":"no-sidebar","site-content-layout":"page-builder","ast-site-content-layout":"full-width-container","site-content-style":"unboxed","site-sidebar-style":"unboxed","ast-global-header-display":"","ast-banner-title-visibility":"","ast-main-header-display":"","ast-hfb-above-header-display":"","ast-hfb-below-header-display":"","ast-hfb-mobile-header-display":"","site-post-title":"disabled","ast-breadcrumbs-content":"","ast-featured-img":"disabled","footer-sml-layout":"","theme-transparent-header-meta":"","adv-header-id-meta":"","stick-header-meta":"","header-above-stick-meta":"","header-main-stick-meta":"","header-below-stick-meta":"","astra-migrate-meta-layouts":"set","ast-page-background-enabled":"default","ast-page-background-meta":{"desktop":{"background-color":"var(--ast-global-color-4)","background-image":"","background-repeat":"repeat","background-position":"center center","background-size":"auto","background-attachment":"scroll","background-type":"","background-media":"","overlay-type":"","overlay-color":"","overlay-opacity":"","overlay-gradient":""},"tablet":{"background-color":"","background-image":"","background-repeat":"repeat","background-position":"center center","background-size":"auto","background-attachment":"scroll","background-type":"","background-media":"","overlay-type":"","overlay-color":"","overlay-opacity":"","overlay-gradient":""},"mobile":{"background-color":"","background-image":"","background-repeat":"repeat","background-position":"center center","background-size":"auto","background-attachment":"scroll","background-type":"","background-media":"","overlay-type":"","overlay-color":"","overlay-opacity":"","overlay-gradient":""}},"ast-content-background-meta":{"desktop":{"background-color":"var(--ast-global-color-5)","background-image":"","background-repeat":"repeat","background-position":"center center","background-size":"auto","background-attachment":"scroll","background-type":"","background-media":"","overlay-type":"","overlay-color":"","overlay-opacity":"","overlay-gradient":""},"tablet":{"background-color":"var(--ast-global-color-5)","background-image":"","background-repeat":"repeat","background-position":"center center","background-size":"auto","background-attachment":"scroll","background-type":"","background-media":"","overlay-type":"","overlay-color":"","overlay-opacity":"","overlay-gradient":""},"mobile":{"background-color":"var(--ast-global-color-5)","background-image":"","background-repeat":"repeat","background-position":"center center","background-size":"auto","background-attachment":"scroll","background-type":"","background-media":"","overlay-type":"","overlay-color":"","overlay-opacity":"","overlay-gradient":""}},"footnotes":""},"class_list":["post-100","page","type-page","status-publish","hentry"],"_links":{"self":[{"href":"https:\/\/www.rouelibregranddax.fr\/index.php\/wp-json\/wp\/v2\/pages\/100","targetHints":{"allow":["GET"]}}],"collection":[{"href":"https:\/\/www.rouelibregranddax.fr\/index.php\/wp-json\/wp\/v2\/pages"}],"about":[{"href":"https:\/\/www.rouelibregranddax.fr\/index.php\/wp-json\/wp\/v2\/types\/page"}],"author":[{"embeddable":true,"href":"https:\/\/www.rouelibregranddax.fr\/index.php\/wp-json\/wp\/v2\/users\/1"}],"replies":[{"embeddable":true,"href":"https:\/\/www.rouelibregranddax.fr\/index.php\/wp-json\/wp\/v2\/comments?post=100"}],"version-history":[{"count":210,"href":"https:\/\/www.rouelibregranddax.fr\/index.php\/wp-json\/wp\/v2\/pages\/100\/revisions"}],"predecessor-version":[{"id":2612,"href":"https:\/\/www.rouelibregranddax.fr\/index.php\/wp-json\/wp\/v2\/pages\/100\/revisions\/2612"}],"wp:attachment":[{"href":"https:\/\/www.rouelibregranddax.fr\/index.php\/wp-json\/wp\/v2\/media?parent=100"}],"curies":[{"name":"wp","href":"https:\/\/api.w.org\/{rel}","templated":true}]}}